Suppose -4*c = -2*i - 138, i - 54 - 75 = -4*c. What are the prime factors of c?
3, 11
Let h = -5 - -3. What are the prime factors of -3 - 11*h - 3?
2
Let u(f) = -3*f. Let n be u(-8). Suppose m + 2*m - n = 0. What are the prime factors of m?
2
Suppose -5 - 1 = -m. Let r(g) be the third derivative of -g**5/60 + g**4/3 - 4*g**3/3 - 2*g**2. What are the prime factors of r(m)?
2
Let r(h) = -h**2 - 12*h - 13. Let u be r(-11). Let y be (u + 0)*74/4. Let k = -26 - y. What are the prime factors of k?
11
Suppose -3*q = -8*q + 20. Let u be -4*((-27)/q)/(-3). Let s = 11 - u. What are the prime factors of s?
2, 5
Suppose 2*f - 5*f = -12. Suppose -f*h + 22 - 10 = 0. Suppose -k + 44 = h*k. List the prime factors of k.
11
Let d be (7 - 0) + 1 + -2. Let u be 1/d - 222/36. Let t = 14 + u. What are the prime factors of t?
2
Suppose p = 4*b - 3*p - 24, -3*b - p = -26. Let i = b - 5. What are the prime factors of i?
3
Suppose 3*c - 90 = f, 2*c + 0*c + f - 65 = 0. What are the prime factors of c?
31
Let i(c) = -c + 39. List the prime factors of i(16).
23
Let y(p) = -p**3 - 7*p**2 - p - 5. Suppose 0*i - 41 = 5*c - 2*i, -15 = -5*i. Let z be y(c). Suppose x + 9 = z*x. What are the prime factors of x?
3
Let k = 11 - -44. What are the prime factors of k?
5, 11
Suppose z = -x - 0*z + 16, 0 = 3*x + 4*z - 43. Suppose 5*u = 4*j + 39, -2*u + 7*u = j + x. What are the prime factors of (-3)/9 + (-38)/j?
2, 3
Suppose 5*f + l = -4*l + 265, -5*l = -5*f + 235. What are the prime factors of f?
2, 5
Let u be -2*(-6)/(-8)*-2. Suppose u*v - 7 = 2*v. List the prime factors of v.
7
Let n(p) be the second derivative of -p**3/6 - 2*p**2 + p. List the prime factors of n(-7).
3
Suppose -3 = -c - 1. List the prime factors of 2/((-4)/(-19))*c.
19
Suppose 2*g + 2*g - 2*c + 10 = 0, 4*g = 3*c - 5. Let n = g - -18. List the prime factors of n.
13
Let n be 2 - 3/6*4. Let w be 3/6*(n - 4). List the prime factors of (-3 - -5)/(w/(-6)).
2, 3
Let v = 10 - 7. Let n(b) = 3*b**2 - 4*b + 2. What are the prime factors of n(v)?
17
Suppose 3*j - 24 = 3*y, 5*j + y - 26 = -y. Suppose z + 6 + j = 0. Let f = -2 - z. What are the prime factors of f?
2, 5
Let c(w) = -6*w - 33. List the prime factors of c(-12).
3, 13
What are the prime factors of 39 + (-2)/1 + 3?
2, 5
Let p(d) = -d**3 + 14*d**2 + 33*d + 8. What are the prime factors of p(16)?
2, 3
Suppose -4*p - 3*o = -2, 3*o - 4 = 5*o. Suppose 0 - 6 = -p*a. List the prime factors of a.
3
Suppose -g + 4*n = 17, 0*g - 11 = 3*g - 4*n. Let y(b) be the third derivative of -b**5/60 + b**4/4 + b**3/3 - b**2. What are the prime factors of y(g)?
11
Let s be (18/(-12))/(3/(-4)). Suppose 0 = 4*q + 7*z - s*z - 72, 54 = 3*q - 3*z. What are the prime factors of q?
2, 3
Suppose -3*u = -100 - 119. What are the prime factors of u?
73
Let s = 2 + -1. Suppose 4 = -y + 6. Suppose -3 - s = 2*p, -y*p - 28 = -2*b. List the prime factors of b.
2, 3
Suppose -5*j - 2*h + 877 = 0, -3*h + 12 = -6*h. What are the prime factors of j?
3, 59
Suppose 5*r = h + h - 1, -21 = -3*h + r. List the prime factors of h.
2
Suppose 0 - 6 = -g + 5*l, 2*g + 3*l + 14 = 0. Let z(h) = h**3 + 3*h**2 + h + 5. Let k be z(g). Let p = k + 25. List the prime factors of p.
2, 5
Let v(x) = -6*x + 12. Let b be v(-9). Suppose 0 = -4*g + g + b. List the prime factors of g.
2, 11
Let w be 0 + 0/(-3) + -3. Let t be ((-14)/(-6) + 2)*-3. Let x = w - t. What are the prime factors of x?
2, 5
Let s(o) = 15*o**2 + 3*o - 6. List the prime factors of s(-5).
2, 3, 59
Let s be (-1 - 0)*(68 + 3). Let k = s + 109. What are the prime factors of k?
2, 19
Let l(q) = -q - 6. Let o be l(-6). Let m(f) be the second derivative of f**5/20 - f**4/12 + 11*f**2/2 - 3*f. What are the prime factors of m(o)?
11
Let x be 8/4*3 + 0. What are the prime factors of (-4 + x + -1)*17?
17
Let q be 3/(-2)*4/(-6). Suppose -5*v + t + 63 = 3*t, q = -t. List the prime factors of v.
13
Let d = 129 - 76. What are the prime factors of d?
53
Suppose x + 15*x = 4560. List the prime factors of x.
3, 5, 19
Let j = -13 + 8. What are the prime factors of 12/(-30) + (-102)/j?
2, 5
Let d be -12*(9/(-6) - 1). Suppose -d = -3*s - 5*o, -3*s = -s - 5*o - 20. List the prime factors of s.
2, 5
Let q(k) = -k. Let l(w) = 2*w - 2 - 1 + 8 + 5. Let u(z) = l(z) + q(z). What are the prime factors of u(-7)?
3
Let u be 27/(-6)*4/(-6). Let d = u - -2. List the prime factors of d.
5
Let z(c) = 5*c + 15. What are the prime factors of z(8)?
5, 11
Let l(g) = 3*g**2 - 2*g. Let k(v) = -6*v**2 + 5*v. Let x(f) = -3*k(f) - 5*l(f). List the prime factors of x(4).
2, 7
Let h = -18 - -41. Suppose 0 = -c + h + 7. List the prime factors of c.
2, 3, 5
Let g(c) = c + 3. Let v be g(11). Let q = 17 - v. List the prime factors of q.
3
Let f(n) = n**3 + 6*n**2 + 5*n + 4. Let j be f(-5). Let t(c) = 3*c**2 - 3. Let d be t(5). Suppose 0 = -0*a + j*a - d. List the prime factors of a.
2, 3
Let i(y) = -y**3 - 7*y**2 + 5. What are the prime factors of i(-7)?
5
Let f(c) = -80*c. Let i be f(-1). Suppose 0 = -h - h - 4, 3*z = -2*h + i. List the prime factors of z.
2, 7
Let p(a) = a. Let f be p(5). Suppose -y = f - 7. List the prime factors of y.
2
Suppose -j = -c + 6*c + 15, -2*c - 27 = j. Let i = j - -25. Let s = 4 - i. List the prime factors of s.
2, 7
Let y(z) = -4*z - 11. Let f = -29 - -24. What are the prime factors of y(f)?
3
Suppose 0 = -102*r + 107*r - 395. What are the prime factors of r?
79
Let d be (-1 - (-4)/3)*9. Suppose -5*j + 2 = -d. Let x = 3 - j. What are the prime factors of x?
2
Let m be 3/(-5) + 233/5. Suppose -3*l - j + m = 0, 0 = 5*l + j + 3*j - 86. Let o = -7 + l. List the prime factors of o.
7
Let l(r) = -r**2 - 6*r + 1. Let i be l(-6). Suppose 4*d + i = 9. Suppose 7*u + d*y = 4*u + 8, -y = -u + 1. List the prime factors of u.
2
Let o be ((-10)/(-15))/(2/15). Let r = 2 + o. What are the prime factors of r?
7
Suppose -2*l + 143 = 2*m - 71, -m + 115 = -3*l. What are the prime factors of m?
109
Let u(t) = -t**2 - 10*t - 8. Suppose 4*i - 32 = -4. Let q be (-216)/28 - 2/i. List the prime factors of u(q).
2
List the prime factors of (-576)/(-9) + -2*1.
2, 31
Suppose 0 = -4*f + 17 + 7. Suppose -3*j = -0*j - f. List the prime factors of j.
2
Let h(j) = 5*j**2 - 2*j + 5. Let w(l) = 5*l**2 - 2*l + 4. Let r(g) = -5*h(g) + 6*w(g). What are the prime factors of r(-2)?
23
What are the prime factors of (-25)/15*(-18 + 0)?
2, 3, 5
Let h = 45 - 41. List the prime factors of h.
2
Let b(f) be the first derivative of -f**2 + 3*f - 2. Let o be b(7). Let i = o - -17. List the prime factors of i.
2, 3
Let s(o) = -o + 11. Let r be s(0). Let a = r - 4. Let c = -5 + a. List the prime factors of c.
2
Let a(b) = -b + 6. List the prime factors of a(-8).
2, 7
Let t(i) = i + 15. Let s(m) = m + 15. Let v(d) = 7*s(d) - 6*t(d). Suppose 52 = -7*b + 3*b. What are the prime factors of v(b)?
2
Let p(a) be the first derivative of -a**5/60 - a**4/12 + a**3/3 - 4. Let x(d) be the third derivative of p(d). What are the prime factors of x(-7)?
2, 3
Let k = 43 + -18. What are the prime factors of k?
5
Let o = 166 - -6. List the prime factors of o.
2, 43
Let b be (8/6)/((-4)/(-6)). Suppose -a - 5 = -7. Suppose b*u - a = -6, -4*o = 4*u - 16. What are the prime factors of o?
2, 3
Let h(n) = -n**3 - 8*n**2 - 9*n + 5. Let g be (0 - -1)/(4/(-28)). What are the prime factors of h(g)?
19
Let x = 14 - -4. Let c(t) = -t + 2 - t + 0 + x*t**2 - 1. List the prime factors of c(1).
17
Let k(p) = -5*p - 2. Let i be k(-2). Let w(f) be the first derivative of -f**2/2 + 10*f - 1. What are the prime factors of w(i)?
2
Let o be (-618)/(-21) + (-4)/(-7). List the prime factors of 12 - 11 - (-1 - o).
2
Suppose -3*m = b - 383, 0 = m - 0*b + 3*b - 141. What are the prime factors of m?
2, 3, 7
Let w = -80 + 212. What are the prime factors of w?
2, 3, 11
Suppose 4*o - 5*f - 221 = 0, 176 = 4*o + 2*f + 2*f. What are the prime factors of o?
7
Suppose 2*u - 4*u - 2 = 0. Let r be (1/u)/(4/8). What are the prime factors of 46/6 + r/(-6)?
2
Let f be (-9)/6*4/(-3). Suppose f*o - 5*m = 57, -2*o + 0*m + 78 = 2*m. Let z = -19 + o. What are the prime factors of z?
17
Let u(d) = d**2 - 11*d - 8. Suppose -6*p = 3*n - 3*p - 48, 0 = -n + p + 10. What are the prime factors of u(n)?
2, 3
Suppose -5*c + o = -38, 3*o = -c - o + 16. Let k = -5 + c. What are the prime factors of k?